{"id":109,"date":"2024-08-16T13:57:06","date_gmt":"2024-08-16T11:57:06","guid":{"rendered":"https:\/\/mtw.net.pl\/?page_id=109"},"modified":"2025-09-04T12:39:20","modified_gmt":"2025-09-04T10:39:20","slug":"prace-towarzyszace","status":"publish","type":"page","link":"https:\/\/mtw.net.pl\/index.php\/prace-towarzyszace\/","title":{"rendered":"Prace Towarzysz\u0105ce"},"content":{"rendered":"\n<p class=\"has-large-font-size\"><strong>Prace Towarzysz\u0105ce<\/strong><\/p>\n\n\n\n<p class=\"has-medium-font-size\">Na podstawie wy\u017cej opisanych prac b\u0119dziemy w stanie przed\u0142o\u017cy\u0107 dedykowan\u0105 dla pa\u0144stwa precyzyjn\u0105 ofert\u0119 wykonania w formule \u201epod klucz\u201d zespo\u0142u turbin wiatrowych. Bazuj\u0105c na posiadanej przez nas wiedzy i do\u015bwiadczeniu przedk\u0142adamy wst\u0119pn\u0105 ofert\u0119 zawieraj\u0105c\u0105 szacunkowe koszty wykonania zespo\u0142u turbin wiatrowych . podane kwoty odnosz\u0105 si\u0119 do jednej turbiny. nie zawieraj\u0105 koszt\u00f3w wykonania tras kablowych, projektu i wykonania instalacji tele-technicznej. oferta to pozwoli pa\u0144stwu na zorientowanie si\u0119 co do skali nak\u0142ad\u00f3w finansowych niezb\u0119dnych do realizacji inwestycji.<\/p>\n\n\n\n<p class=\"has-medium-font-size\"><br>Oferta dotyczy standardowej turbiny mtw 15\/20\/30 kW. jest to turbina o poziomej osi obrotu i \u015brednicy wirnika 9 m posadowiona na maszcie o d\u0142ugo\u015bci 15m przytwierdzonym do \u017celbetowego fundamentu, wykonanego na podstawie danych uzyskanych w fazie przed projektowej realizacji inwestycji.<br>Szacowana roczna wydajno\u015b\u0107 energetyczna turbiny mie\u015bci si\u0119 w przedziale od 25 do 37 mega wato godzin i uzale\u017cniona jest od uzyskanych wynik\u00f3w etapu pomiaru wiatru.<\/p>\n\n\n\n<p class=\"has-medium-font-size\">Nasza typowa us\u0142uga zawiera nast\u0119puj\u0105ce elementy<\/p>\n\n\n\n<ol class=\"wp-block-list\">\n<li class=\"has-medium-font-size\">WYKONANIE FUNDAMENTU (w standardowych warunkach geotechnicznych)<\/li>\n\n\n\n<li class=\"has-medium-font-size\">WYKONANIE TRAS KABLOWYCH (na podstawie projektu)<\/li>\n\n\n\n<li class=\"has-medium-font-size\">DOSTARCZENIE i MONTA\u017b TURBINY WIATROWEJ (wymagany utwardzony dojazd dla d\u017awigu i podno\u015bnika koszowego)<\/li>\n\n\n\n<li class=\"has-medium-font-size\">MONTA\u017b I KALIBROWANIE ZESPO\u0141U URZ\u0104DZE\u0143 STERUJ\u0104CYCH TURBIN\u0104<\/li>\n\n\n\n<li class=\"has-medium-font-size\">POZOSTA\u0141E PRACE MONTA\u017bOWE I SERWISOWE<\/li>\n<\/ol>\n\n\n\n<p class=\"has-medium-font-size\">Elementy, kt\u00f3re mog\u0105 si\u0119 r\u00f3\u017cni\u0107 w zale\u017cno\u015bci od warunk\u00f3w lokalizacji inwestora:<\/p>\n\n\n\n<ul class=\"wp-block-list\">\n<li class=\"has-medium-font-size\">d\u0142ugo\u015bci tras kablowych mi\u0119dzy turbinami a miejscem ich wpi\u0119cia do wewn\u0119trznej sieci Inwestora mo\u017ce by\u0107 r\u00f3\u017cna<\/li>\n\n\n\n<li class=\"has-medium-font-size\">wykonania projektu, uzgodnie\u0144 oraz realizacji systemu Telemechaniki wymaganego przez dostawc\u0119 energii gdy \u0142\u0105czna moc odnawialnych \u017ar\u00f3de\u0142 energii przekroczy moc nominaln\u0105 50 kW zaprojektowania i wykonania kontenera zbiorczego w kt\u00f3rym zamontowane b\u0119d\u0105 urz\u0105dzenia steruj\u0105ce wszystkimi 3 turbinami (jako opcja gdy nie ma mo\u017cliwo\u015bci umieszczenia ich w budynku),<\/li>\n\n\n\n<li class=\"has-medium-font-size\">us\u0142ugi pomiaru wiatru,<\/li>\n\n\n\n<li class=\"has-medium-font-size\">ewentualne wymagane przez stosowne w\u0142adze administracyjne procedury \u015brodowiskowe.<\/li>\n<\/ul>\n\n\n\n<p><\/p>\n","protected":false},"excerpt":{"rendered":"<p>Prace Towarzysz\u0105ce Na podstawie wy\u017cej opisanych prac b\u0119dziemy w stanie przed\u0142o\u017cy\u0107 dedykowan\u0105 dla pa\u0144stwa precyzyjn\u0105 ofert\u0119 wykonania w formule \u201epod klucz\u201d zespo\u0142u turbin wiatrowych. Bazuj\u0105c na posiadanej przez nas wiedzy i do\u015bwiadczeniu przedk\u0142adamy wst\u0119pn\u0105 ofert\u0119 zawieraj\u0105c\u0105 szacunkowe koszty wykonania zespo\u0142u turbin wiatrowych . podane kwoty odnosz\u0105 si\u0119 do jednej turbiny. nie zawieraj\u0105 koszt\u00f3w wykonania tras [&hellip;]<\/p>\n","protected":false},"author":3,"featured_media":0,"parent":0,"menu_order":0,"comment_status":"closed","ping_status":"closed","template":"","meta":{"footnotes":""},"class_list":["post-109","page","type-page","status-publish","hentry"],"_links":{"self":[{"href":"https:\/\/mtw.net.pl\/index.php\/wp-json\/wp\/v2\/pages\/109","targetHints":{"allow":["GET"]}}],"collection":[{"href":"https:\/\/mtw.net.pl\/index.php\/wp-json\/wp\/v2\/pages"}],"about":[{"href":"https:\/\/mtw.net.pl\/index.php\/wp-json\/wp\/v2\/types\/page"}],"author":[{"embeddable":true,"href":"https:\/\/mtw.net.pl\/index.php\/wp-json\/wp\/v2\/users\/3"}],"replies":[{"embeddable":true,"href":"https:\/\/mtw.net.pl\/index.php\/wp-json\/wp\/v2\/comments?post=109"}],"version-history":[{"count":8,"href":"https:\/\/mtw.net.pl\/index.php\/wp-json\/wp\/v2\/pages\/109\/revisions"}],"predecessor-version":[{"id":210,"href":"https:\/\/mtw.net.pl\/index.php\/wp-json\/wp\/v2\/pages\/109\/revisions\/210"}],"wp:attachment":[{"href":"https:\/\/mtw.net.pl\/index.php\/wp-json\/wp\/v2\/media?parent=109"}],"curies":[{"name":"wp","href":"https:\/\/api.w.org\/{rel}","templated":true}]}}